{"id":107,"date":"2022-04-07T18:29:53","date_gmt":"2022-04-07T23:29:53","guid":{"rendered":"http:\/\/taf.tecazuay.edu.ec\/?page_id=107"},"modified":"2022-07-18T10:41:53","modified_gmt":"2022-07-18T15:41:53","slug":"convenio-de-cooperacion","status":"publish","type":"page","link":"https:\/\/taf.tecazuay.edu.ec\/?page_id=107","title":{"rendered":"Convenio de cooperaci\u00f3n"},"content":{"rendered":"<p>[vc_row full_width=\u00bbstretch_row_content_no_spaces\u00bb css=\u00bb.vc_custom_1651252134231{background-image: url(https:\/\/taf.tecazuay.edu.ec\/wp-content\/uploads\/2022\/04\/DUAL-CONVENIOS.jpg?id=505) !important;background-position: center !important;background-repeat: no-repeat !important;background-size: cover !important;}\u00bb el_class=\u00bbbg-inter-page d-none-mobile\u00bb][vc_column][vc_empty_space height=\u00bb600px\u00bb][\/vc_column][\/vc_row][vc_row full_width=\u00bbstretch_row_content_no_spaces\u00bb css=\u00bb.vc_custom_1650493483333{background-position: center !important;background-repeat: no-repeat !important;background-size: cover !important;}\u00bb el_class=\u00bbbg-inter-page d-none-desktop\u00bb][vc_column][vc_raw_html]JTNDaW1nJTIwY2xhc3MlM0QlMjJhbGlnbm5vbmUlMjBzaXplLWZ1bGwlMjBwYXJhbGxheC1pbWclMjIlMjBzdHlsZSUzRCUyMndpZHRoJTNBJTIwMTAwJTI1JTNCJTIyJTIwc3JjJTNEJTIyaHR0cHMlM0ElMkYlMkZ0YWZmb3JtYWNpb25kdWFsLm9yZyUyRndwLWNvbnRlbnQlMkZ1cGxvYWRzJTJGMjAyMiUyRjA0JTJGRFVBTC1DT05WRU5JT1MuanBnJTIyJTIwJTJGJTNFJTBB[\/vc_raw_html][\/vc_column][\/vc_row][vc_row el_class=\u00bbcontent-80&#8243;][vc_column][vc_empty_space height=\u00bb120px\u00bb el_class=\u00bbvc_empty_space-40&#8243;][vc_row_inner gap=\u00bb30&#8243;][vc_column_inner width=\u00bb1\/4&#8243;][vc_column_text]<\/p>\n<p class=\"font-bold p-44\" style=\"text-align: left; margin-bottom: 1em;\">La formaci\u00f3n dual<\/p>\n<ul class=\"arrow-right border-top\">\n<li><a class=\"color-light-grey font-bold p-26 \" href=\"https:\/\/taf.tecazuay.edu.ec\/?page_id=103\">Informaci\u00f3n general<\/a><\/li>\n<li><a class=\"color-light-grey font-bold p-26 \" href=\"https:\/\/taf.tecazuay.edu.ec\/?page_id=105\">Beneficios<\/a><\/li>\n<li><a class=\"color-light-grey font-bold p-26 active\" href=\"https:\/\/taf.tecazuay.edu.ec\/?page_id=107\">Convenio de cooperaci\u00f3n<\/a><\/li>\n<li><a class=\"color-light-grey font-bold p-26 \" href=\"https:\/\/taf.tecazuay.edu.ec\/?page_id=109\">Documentos de inter\u00e9s<\/a><\/li>\n<\/ul>\n<p><a class=\"bg-dark-grey color-blank button-dark-grey\" href=\"https:\/\/taf.tecazuay.edu.ec\/wp-content\/uploads\/2022\/04\/TAF-2022.pdf\" download=\"\">Descargar prospecto<\/a>[\/vc_column_text][\/vc_column_inner][vc_column_inner width=\u00bb3\/4&#8243;][vc_column_text]<\/p>\n<p class=\"color-vine font-bold p-40\" style=\"text-align: left; margin-bottom: 0.8em;\">Convenio marco de cooperaci\u00f3n<\/p>\n<p>El d\u00eda 11 de diciembre de 2018 se llev\u00f3 a cabo la firma del convenio marco de cooperaci\u00f3n entre el Instituto Superior Tecnol\u00f3gico del Azuay, Sparkassenstiftung Alemana Latinoam\u00e9rica y El Caribe, la C\u00e1mara de Industrias, Producci\u00f3n y Empleo, y la C\u00e1mara de Industrias y Comercio Ecuatoriano-Alemana, cuyo objetivo es coordinar la implementaci\u00f3n de la carrera \u201cTecnolog\u00eda Superior en Asesor\u00eda Financiera\u201d bajo modalidad dual. La formaci\u00f3n dual, es un sistema de educaci\u00f3n de origen alem\u00e1n que acelera el proceso de aprendizaje e incrementa la productividad, combinando la teor\u00eda adquirida en instituciones de educaci\u00f3n superior con la pr\u00e1ctica en empresas formadoras. La carrera \u201cTecnolog\u00eda Superior en Asesor\u00eda Financiera\u201d viene a cubrir una demanda insatisfecha de Instituciones financieras, que requieren de un perfil de un colaborador que pueda asesorar a socios o clientes, adem\u00e1s estar\u00e1 en capacidad de armar propuestas de mejora para la instituci\u00f3n financiera; ser\u00e1 un colaborador multifac\u00e9tico, con conocimientos te\u00f3ricos y pr\u00e1cticos, que permita atender adecuadamente los requerimientos variados y t\u00edpicos de una agencia de una Cooperativa de Ahorro y Cr\u00e9dito, Banco o Mutualista. Asimismo, esta nueva carrera brindar\u00e1 una oportunidad \u00fanica a estudiantes bachilleres, quienes podr\u00e1n formarse en las instituciones financieras formadoras, con una alta probabilidad de ser contratados al finalizar su formaci\u00f3n.[\/vc_column_text][vc_column_text]<\/p>\n<p class=\"color-vine font-bold p-32\" style=\"text-align: left; margin-bottom: 0.8em;\">Sparkassenstiftung Alemana Latinoam\u00e9rica y El Caribe<\/p>\n<p>La Sparkassenstiftung Alemana es una organizaci\u00f3n sin fines de lucro, que opera a nivel mundial desde 1992. Pertenece al Grupo Financiero Sparkassen, grupo financiero l\u00edder en Alemania y uno de los m\u00e1s grandes de Europa. Desde su fundaci\u00f3n su misi\u00f3n es impulsar el sector financiero local de pa\u00edses en v\u00edas de desarrollo, transmitiendo la experiencia de m\u00e1s de 200 a\u00f1os del exitoso modelo alem\u00e1n de Sparkassen (cajas de ahorro alemanas).<\/p>\n<p>Una de las estrategias de la Sparkassenstiftung Alemana para el fortalecimiento de las instituciones financieras es la formaci\u00f3n dual, modelo que combina la teor\u00eda con la pr\u00e1ctica, a trav\u00e9s de la creaci\u00f3n de la carrera de Asesor\u00eda Financiera, adaptaci\u00f3n de la carrera alemana \u201cBankkaufmann\/frau\u201d de gran \u00e9xito entre las Sparkassen (cajas de ahorro alemanas). En 2014, inici\u00f3 la implementaci\u00f3n de la carrera en El Salvador. Desde 2019, el proyecto ha funcionado en Ecuador, Colombia, Per\u00fa y M\u00e9xico; y, pr\u00f3ximamente se tiene previsto su implementaci\u00f3n en Panam\u00e1 y Bolivia.[\/vc_column_text][vc_column_text]<\/p>\n<p class=\"color-vine font-bold p-32\" style=\"text-align: left; margin-bottom: 0.8em;\">C\u00e1mara de Industrias y Comercio Ecuatoriano \u2013 Alemana<\/p>\n<p>La C\u00e1mara de Industrias y Comercio Ecuatoriano Alemana, junto con instituciones educativas a escala nacional, ofrece a los j\u00f3venes ecuatorianos la alternativa de formarse profesionalmente con un sistema diferente, marcado por la calidad \u00fanica que caracteriza a la educaci\u00f3n alemana.<\/p>\n<p>Atr\u00e9vete a marcar la diferencia, \u00a1contamos contigo!<\/p>\n<p>Desde hace m\u00e1s de 27 a\u00f1os, brindamos a las empresas ecuatorianas la oportunidad de formar a su personal con los m\u00e1s altos est\u00e1ndares y a la medida de sus necesidades: la carrera de Tecnolog\u00eda Superior en Asesor\u00eda Financiera contar\u00e1 con Certificaci\u00f3n Alemana, y con el respaldo de nuestras actividades de seguimiento y monitoreo de las partes involucradas, adem\u00e1s de la certificaci\u00f3n de los tutores empresariales que son parte las instituciones financieras formadoras.[\/vc_column_text][vc_column_text]<\/p>\n<p class=\"color-vine font-bold p-32\" style=\"text-align: left; margin-bottom: 0.8em;\">C\u00e1mara de Industrias, Producci\u00f3n y Empleo<\/p>\n<p>La C\u00e1mara de Industrias, Producci\u00f3n y Empleo, CIPEM, es una organizaci\u00f3n sin fines de lucro, que desde su constituci\u00f3n, el 22 de agosto de 1936, ha acogido y promovido las actividades empresariales con el fin de contribuir al crecimiento econ\u00f3mico e incrementar el bienestar de los ecuatorianos. Entre sus principales objetivos est\u00e1 auspiciar la continua capacitaci\u00f3n en materia industrial, de t\u00e9cnicos y trabajadores, y cooperar con los proyectos de capacitaci\u00f3n de otras entidades p\u00fablicas y privadas.<\/p>\n<p>La CIPEM act\u00faa como intermediario entre el sector empresarial y la academia con el objetivo de desarrollar una oferta acad\u00e9mica de acuerdo con las necesidades del sector productivo del Azuay. Cree firmemente que la formaci\u00f3n dual es la mejor alternativa para la formaci\u00f3n de personal t\u00e9cnico altamente calificado, para mejorar la productividad de las empresas y reducir el desempleo juvenil. La CIPEM cuenta con 16 a\u00f1os de experiencia en formaci\u00f3n dual y con un departamento encargado de la creaci\u00f3n de nuevas carreras, coordinaci\u00f3n con las empresas formadoras, entrenamiento de tutores empresariales y seguimiento del desempe\u00f1o de los estudiantes que garantizan la calidad de la formaci\u00f3n dual.[\/vc_column_text][vc_column_text]<\/p>\n<p class=\"color-vine font-bold p-32\" style=\"text-align: left; margin-bottom: 0.8em;\">Instituto Superior Tecnol\u00f3gico del Azuay<\/p>\n<p>El Instituto Superior Tecnol\u00f3gico del Azuay es una Instituci\u00f3n de Educaci\u00f3n Superior P\u00fablica gratuita, que forma parte del proceso de fortalecimiento de la Formaci\u00f3n T\u00e9cnica y Tecnol\u00f3gica a trav\u00e9s de la Secretar\u00eda de Educaci\u00f3n Superior, Ciencia, Tecnolog\u00eda e Innovaci\u00f3n.<\/p>\n<p>En sus 25 a\u00f1os de vida Institucional ha logrado posicionarse como un referente de la formaci\u00f3n t\u00e9cnica y tecnol\u00f3gica en el Ecuador, pionera en desarrollar procesos de internacionalizaci\u00f3n a trav\u00e9s de convenios Marco de Cooperaci\u00f3n con varias Instituciones Educativas. Considerado uno de los 5 Institutos m\u00e1s grandes del Pa\u00eds, caracterizado por su fuerte crecimiento en el \u00e1mbito acad\u00e9mico en los \u00faltimos a\u00f1os.[\/vc_column_text][vc_column_text]<\/p>\n<p class=\"color-vine font-bold p-32\" style=\"text-align: left; margin-bottom: 0.8em;\">Contribuci\u00f3n al proyecto<\/p>\n<p>El Instituto Superior Tecnol\u00f3gico del Azuay dispondr\u00e1 de un equipo t\u00e9cnico docente para el desarrollo del proyecto bajo la direcci\u00f3n y coordinaci\u00f3n del vicerrectorado acad\u00e9mico, esto con el objetivo de desarrollar: conocimientos y habilidades en matem\u00e1ticas b\u00e1sicas y financieras, contexto jur\u00eddico y econ\u00f3mico, educaci\u00f3n financiera, Innovaci\u00f3n tecnol\u00f3gica, comunicaci\u00f3n y lenguajes e Integraci\u00f3n de saberes, contextos y cultura de acuerdo a la malla curricular establecida para el desarrollo de este proyecto de carrera.<\/p>\n<p>As\u00ed mismo dotar\u00e1 de la infraestructura f\u00edsica para cumplir con las horas acad\u00e9micas y desde el \u00e1rea de comunicaci\u00f3n se facilitar\u00e1n los canales de difusi\u00f3n y promoci\u00f3n (p\u00e1gina web, redes sociales, agenda de medios).[\/vc_column_text][vc_empty_space][vc_column_text]<\/p>\n<div class=\"vc_row wpb_row vc_inner vc_row-fluid vc_column-gap-30 vc_row-o-equal-height vc_row-flex testimonio-taf\">\n<div class=\"wpb_column vc_column_container vc_col-sm-6 vc_col-has-fill\" style=\"background-size: cover; background-image: url('https:\/\/taf.tecazuay.edu.ec\/wp-content\/uploads\/2022\/04\/testimonio-de-la-formacion-dual-3.jpg');\"><\/div>\n<div class=\"paddign-block wpb_column vc_column_container vc_col-sm-6 vc_col-has-fill bg-light-grey\">\n<div>\n<p>\u201cLas instituciones financieras te aportan todos los elementos que son necesarios para un mejor desarrollo dentro del Instituto.\u201d<\/p>\n<p><strong>Andrea Barros<\/strong><\/p>\n<p>Graduada 1era cohorte<br \/>\nCooperativa de Ahorro y Cr\u00e9dito Jard\u00edn Azuayo<\/p>\n<\/div>\n<\/div>\n<\/div>\n<p>[\/vc_column_text][\/vc_column_inner][\/vc_row_inner][\/vc_column][\/vc_row]<\/p>\n","protected":false},"excerpt":{"rendered":"<p>[vc_row full_width=\u00bbstretch_row_content_no_spaces\u00bb css=\u00bb.vc_custom_1651252134231{background-image: url(https:\/\/taf.tecazuay.edu.ec\/wp-content\/uploads\/2022\/04\/DUAL-CONVENIOS.jpg?id=505) !important;background-position: center !important;background-repeat: no-repeat !important;background-size: cover !important;}\u00bb el_class=\u00bbbg-inter-page d-none-mobile\u00bb][vc_column][vc_empty_space height=\u00bb600px\u00bb][\/vc_column][\/vc_row][vc_row full_width=\u00bbstretch_row_content_no_spaces\u00bb css=\u00bb.vc_custom_1650493483333{background-position: center !important;background-repeat: no-repeat !important;background-size: cover !important;}\u00bb el_class=\u00bbbg-inter-page d-none-desktop\u00bb][vc_column][vc_raw_html]JTNDaW1nJTIwY2xhc3MlM0QlMjJhbGlnbm5vbmUlMjBzaXplLWZ1bGwlMjBwYXJhbGxheC1pbWclMjIlMjBzdHlsZSUzRCUyMndpZHRoJTNBJTIwMTAwJTI1JTNCJTIyJTIwc3JjJTNEJTIyaHR0cHMlM0ElMkYlMkZ0YWZmb3JtYWNpb25kdWFsLm9yZyUyRndwLWNvbnRlbnQlMkZ1cGxvYWRzJTJGMjAyMiUyRjA0JTJGRFVBTC1DT05WRU5JT1MuanBnJTIyJTIwJTJGJTNFJTBB[\/vc_raw_html][\/vc_column][\/vc_row][vc_row el_class=\u00bbcontent-80&#8243;][vc_column][vc_empty_space height=\u00bb120px\u00bb el_class=\u00bbvc_empty_space-40&#8243;][vc_row_inner gap=\u00bb30&#8243;][vc_column_inner width=\u00bb1\/4&#8243;][vc_column_text] La formaci\u00f3n dual Informaci\u00f3n general Beneficios Convenio de cooperaci\u00f3n Documentos de inter\u00e9s Descargar prospecto[\/vc_column_text][\/vc_column_inner][vc_column_inner width=\u00bb3\/4&#8243;][vc_column_text] Convenio marco de cooperaci\u00f3n El d\u00eda 11 de diciembre de 2018 &hellip;<\/p>\n<p class=\"read-more\"> <a class=\"\" href=\"https:\/\/taf.tecazuay.edu.ec\/?page_id=107\"> <span class=\"screen-reader-text\">Convenio de cooperaci\u00f3n<\/span> Leer m\u00e1s &raquo;<\/a><\/p>\n","protected":false},"author":1,"featured_media":0,"parent":0,"menu_order":0,"comment_status":"closed","ping_status":"closed","template":"","meta":{"site-sidebar-layout":"no-sidebar","site-content-layout":"page-builder","ast-main-header-display":"","ast-hfb-above-header-display":"","ast-hfb-below-header-display":"","ast-hfb-mobile-header-display":"","site-post-title":"disabled","ast-breadcrumbs-content":"disabled","ast-featured-img":"disabled","footer-sml-layout":"","theme-transparent-header-meta":"default","adv-header-id-meta":"","stick-header-meta":"","header-above-stick-meta":"","header-main-stick-meta":"","header-below-stick-meta":"","footnotes":""},"class_list":["post-107","page","type-page","status-publish","hentry"],"_links":{"self":[{"href":"https:\/\/taf.tecazuay.edu.ec\/index.php?rest_route=\/wp\/v2\/pages\/107","targetHints":{"allow":["GET"]}}],"collection":[{"href":"https:\/\/taf.tecazuay.edu.ec\/index.php?rest_route=\/wp\/v2\/pages"}],"about":[{"href":"https:\/\/taf.tecazuay.edu.ec\/index.php?rest_route=\/wp\/v2\/types\/page"}],"author":[{"embeddable":true,"href":"https:\/\/taf.tecazuay.edu.ec\/index.php?rest_route=\/wp\/v2\/users\/1"}],"replies":[{"embeddable":true,"href":"https:\/\/taf.tecazuay.edu.ec\/index.php?rest_route=%2Fwp%2Fv2%2Fcomments&post=107"}],"version-history":[{"count":36,"href":"https:\/\/taf.tecazuay.edu.ec\/index.php?rest_route=\/wp\/v2\/pages\/107\/revisions"}],"predecessor-version":[{"id":629,"href":"https:\/\/taf.tecazuay.edu.ec\/index.php?rest_route=\/wp\/v2\/pages\/107\/revisions\/629"}],"wp:attachment":[{"href":"https:\/\/taf.tecazuay.edu.ec\/index.php?rest_route=%2Fwp%2Fv2%2Fmedia&parent=107"}],"curies":[{"name":"wp","href":"https:\/\/api.w.org\/{rel}","templated":true}]}}